{"id":160,"date":"2010-11-01T14:28:13","date_gmt":"2010-11-01T14:28:13","guid":{"rendered":"http:\/\/arbarcelona.es\/?page_id=160"},"modified":"2021-08-18T13:38:02","modified_gmt":"2021-08-18T11:38:02","slug":"apartamentos-barcelona","status":"publish","type":"page","link":"https:\/\/arbarcelona.es\/?lang=es","title":{"rendered":"Apartamentos en Barcelona"},"content":{"rendered":"<div id=\"fitxa\">\n<div id=\"fitxa2\">\n<h1>Gala<\/h1>\n<p><a href=\"?page_id=305\"><img loading=\"lazy\" src=\"wp-content\/uploads\/2021\/08\/004.jpg\" border=\"0\" alt=\"\" width=\"200\" height=\"130\" \/><\/a><\/p>\n<ul>\n<li>Planta 6\u00aa<\/li>\n<li>4 personas m\u00e1x.<\/li>\n<li>2 habitaciones<\/li>\n<li>2 ba\u00f1os<\/li>\n<li>Ascensor: si<\/li>\n<li>Caja fuerte: no<\/li>\n<li>Calefacci\u00f3n: si<\/li>\n<li>Internet: si<\/li>\n<li>Tel\u00e9fono: no<\/li>\n<li>Licencia tur\u00edstica: HUTB-000259-83<\/li>\n<\/ul>\n<div class=\"linksfitxa\">A escasos pasos del barrio de Gracia <a href=\"?page_id=305\">+ info<\/a><\/div>\n<\/div>\n<div id=\"fitxa2\">\n<h1>Jardinets<\/h1>\n<p><a href=\"?page_id=1220\"><img loading=\"lazy\" src=\"wp-content\/uploads\/2021\/08\/17.jpg\" border=\"0\" alt=\"\" width=\"200\" height=\"130\" \/><\/a><\/p>\n<ul>\n<li>Planta 1\u00aa<\/li>\n<li>4 personas m\u00e1x.<\/li>\n<li>2 hab.<\/li>\n<li>1 ba\u00f1o<\/li>\n<li>Ascensor: si<\/li>\n<li>Caja fuerte: si<\/li>\n<li>Calefacci\u00f3n: si<\/li>\n<li>Internet: si<\/li>\n<li>Tel\u00e9fono: no<\/li>\n<li>Licencia tur\u00edstica: HUTB-002139-58<\/li>\n<\/ul>\n<div class=\"linksfitxa\">A un paso del Paseo de Gracia <a href=\"?page_id=1220\">+ info<\/a><\/div>\n<\/div>\n<div id=\"fitxa2\">\n<h1>Augusta<\/h1>\n<p><a href=\"?page_id=291\"><img loading=\"lazy\" src=\"wp-content\/uploads\/2021\/08\/05.jpg\" border=\"0\" alt=\"\" width=\"200\" height=\"130\" \/><\/a><\/p>\n<ul>\n<li>Planta 6\u00aa<\/li>\n<li>4 personas m\u00e1x.<\/li>\n<li>2 habitaciones<\/li>\n<li>2 ba\u00f1os<\/li>\n<li>Ascensor:si<\/li>\n<li>Caja fuerte: si<\/li>\n<li>Calefacci\u00f3n: si<\/li>\n<li>Internet: si<\/li>\n<li>Tel\u00e9fono: si<\/li>\n<li>Licencia tur\u00edstica: HUTB-000261-xx<\/li>\n<\/ul>\n<div class=\"linksfitxa\">Con vistas a Gala Placidia <a href=\"?page_id=291\">+ info<\/a><\/div>\n<\/div>\n<div id=\"fitxa2\">\n<h1>Amig\u00f3<\/h1>\n<p><a href=\"?page_id=299\"><img loading=\"lazy\" src=\"wp-content\/uploads\/2021\/08\/28.jpg\" border=\"0\" alt=\"\" width=\"200\" height=\"130\" \/><\/a><\/p>\n<ul>\n<li>Planta 2\u00aa<\/li>\n<li>6 personas m\u00e1x.<\/li>\n<li>3 habitaciones dobles<\/li>\n<li>2 ba\u00f1os<\/li>\n<li>Ascensor: si<\/li>\n<li>Caja fuerte: si<\/li>\n<li>Calefacci\u00f3n: si<\/li>\n<li>Internet: si<\/li>\n<li>Tel\u00e9fono: no<\/li>\n<li>Licencia tur\u00edstica: HUTB-003687-08<\/li>\n<\/ul>\n<div class=\"linksfitxa\">Reci\u00e9n renovado a escasos pasos de la av. Diagonal<a href=\"?page_id=299\">+ info<\/a><\/div>\n<\/div>\n<div id=\"fitxa2\">\n<h1>Londres<\/h1>\n<p><a href=\"?page_id=1722\"><img loading=\"lazy\" src=\"wp-content\/uploads\/2015\/07\/londres\/008.jpg\" border=\"0\" alt=\"\" width=\"200\" height=\"130\" \/><\/a><\/p>\n<ul>\n<li>Planta 5\u00aa<\/li>\n<li>4 personas m\u00e1x.<\/li>\n<li>2 habitaciones<\/li>\n<li>2 ba\u00f1os<\/li>\n<li>Ascensor:si<\/li>\n<li>Caja fuerte: no<\/li>\n<li>Calefacci\u00f3n: si<\/li>\n<li>Internet: si<\/li>\n<li>Tel\u00e9fono: no<\/li>\n<li><strong>Estancia m\u00ednima: 6 meses<\/strong><\/li>\n<\/ul>\n<div class=\"linksfitxa\">Nuevo a estrenar en Francesc Maci\u00e0 <a href=\"?page_id=1722\">+ info<\/a><\/div>\n<\/div>\n<div id=\"fitxa2\">\n<h1>Roma<\/h1>\n<p><a href=\"?page_id=1659\"><img loading=\"lazy\" src=\"wp-content\/uploads\/2010\/11\/roma.jpg\" border=\"0\" alt=\"\" width=\"200\" height=\"130\" \/><\/a><\/p>\n<ul>\n<li>Planta 5\u00aa<\/li>\n<li>4 personas m\u00e1x.<\/li>\n<li>2 habitaciones<\/li>\n<li>2 ba\u00f1os<\/li>\n<li>Ascensor:si<\/li>\n<li>Caja fuerte: no<\/li>\n<li>Calefacci\u00f3n: si<\/li>\n<li>Internet: si<\/li>\n<li>Tel\u00e9fono: no<\/li>\n<li><strong>Estancia m\u00ednima: 6 meses<\/strong><\/li>\n<\/ul>\n<div class=\"linksfitxa\">Dise\u00f1o en Eixample <a href=\"?page_id=1659\">+ info<\/a><\/div>\n<\/div>\n<div id=\"fitxa2\">\n<h1>Urgell<\/h1>\n<p><a href=\"?page_id=1662\"><img loading=\"lazy\" src=\"wp-content\/uploads\/2010\/11\/urgell.jpg\" border=\"0\" alt=\"\" width=\"200\" height=\"130\" \/><\/a><\/p>\n<ul>\n<li>Planta 5\u00aa<\/li>\n<li>6 personas m\u00e1x.<\/li>\n<li>3 habitaciones<\/li>\n<li>2 ba\u00f1os<\/li>\n<li>Ascensor:si<\/li>\n<li>Caja fuerte: no<\/li>\n<li>Calefacci\u00f3n: si<\/li>\n<li>Internet: si<\/li>\n<li>Tel\u00e9fono: no<\/li>\n<li><strong>Estancia m\u00ednima: 6 meses<\/strong><\/li>\n<\/ul>\n<div class=\"linksfitxa\">Elegante y con estilo cl\u00e1sico <a href=\"?page_id=1662\">+ info<\/a><\/div>\n<\/div>\n<div id=\"fitxa2\">\n<h1>Mediterraneo 01<\/h1>\n<p><a href=\"?page_id=1238\"><img loading=\"lazy\" src=\"wp-content\/uploads\/2010\/11\/mediterraneo01.jpg\" border=\"0\" alt=\"\" width=\"200\" height=\"130\" \/><\/a><\/p>\n<ul>\n<li>Varios pisos<\/li>\n<li>2\/4 personas<\/li>\n<li>1 \u00f3 2 hab. dobles<\/li>\n<li>1\/2 ba\u00f1os<\/li>\n<li>Ascensor: si<\/li>\n<li>Caja fuerte: no<\/li>\n<li>Calefacci\u00f3n: si<\/li>\n<li>Internet: a consultar<\/li>\n<li>Tel\u00e9fono: a consultar<\/li>\n<li><strong>Estancia m\u00ednima: 6 meses<\/strong><\/li>\n<\/ul>\n<div class=\"linksfitxa\">Con Piscina <a href=\"?page_id=1238\">+ info<\/a><\/div>\n<\/div>\n<div id=\"fitxa2\">\n<h1>Mediterraneo 02<\/h1>\n<p><a href=\"?page_id=1240\"><img loading=\"lazy\" src=\"wp-content\/uploads\/2010\/11\/mediterraneo02.jpg\" border=\"0\" alt=\"\" width=\"200\" height=\"130\" \/><\/a><\/p>\n<ul>\n<li>Varios pisos<\/li>\n<li>2\/4 personas<\/li>\n<li>1 \u00f3 2 hab. dobles<\/li>\n<li>1\/2 ba\u00f1os<\/li>\n<li>Ascensor: si<\/li>\n<li>Caja fuerte: no<\/li>\n<li>Calefacci\u00f3n: si<\/li>\n<li>Internet: a consultar<\/li>\n<li>Tel\u00e9fono: a consultar<\/li>\n<li><strong>Estancia m\u00ednima: 6 meses<\/strong><\/li>\n<\/ul>\n<div class=\"linksfitxa\">Con Piscina <a href=\"?page_id=1240\">+ info<\/a><\/div>\n<\/div>\n<div id=\"fitxa2\">\n<h1>Llibertat<\/h1>\n<p><a href=\"?page_id=319\"><img loading=\"lazy\" src=\"wp-content\/uploads\/2010\/11\/llibertat.jpg\" border=\"0\" alt=\"\" width=\"200\" height=\"130\" \/><\/a><\/p>\n<ul>\n<li>Planta baja duplex<\/li>\n<li>4 personas m\u00e1x.<\/li>\n<li>2 hab.<\/li>\n<li>2 ba\u00f1o<\/li>\n<li>Ascensor: si<\/li>\n<li>Caja fuerte: no<\/li>\n<li>Calefacci\u00f3n: si<\/li>\n<li>Internet: si<\/li>\n<li>Tel\u00e9fono: no<\/li>\n<li><strong>Estancia m\u00ednima: 6 meses<\/strong><\/li>\n<\/ul>\n<div class=\"linksfitxa\">Duplex <a href=\"?page_id=319\">+ info<\/a><\/div>\n<\/div>\n<div id=\"fitxa2\">\n<h1>Caponata<\/h1>\n<p><a href=\"?page_id=321\"><img loading=\"lazy\" src=\"wp-content\/uploads\/2010\/11\/caponata.jpg\" border=\"0\" alt=\"\" width=\"200\" height=\"130\" \/><\/a><\/p>\n<ul>\n<li>Planta 4\u00aa (\u00e1tico)<\/li>\n<li>4 personas m\u00e1x.<\/li>\n<li>2 hab. dobles 1 ind.<\/li>\n<li>1 ba\u00f1o<\/li>\n<li>Ascensor: si<\/li>\n<li>Caja fuerte: no<\/li>\n<li>Calefacci\u00f3n: si<\/li>\n<li>Internet: si<\/li>\n<li>Tel\u00e9fono: no<\/li>\n<li><strong>Estancia m\u00ednima: 6 meses<\/strong><\/li>\n<\/ul>\n<div class=\"linksfitxa\">\u00c1tico en Sarri\u00e0<a href=\"?page_id=321\">+ info<\/a><\/div>\n<\/div>\n<div id=\"fitxa2\">\n<h1>Berl\u00edn<\/h1>\n<p><a href=\"?page_id=337\"><img loading=\"lazy\" src=\"wp-content\/uploads\/2010\/11\/berlin.jpg\" border=\"0\" alt=\"\" width=\"200\" height=\"130\" \/><\/a><\/p>\n<ul>\n<li>Planta entresuelo<\/li>\n<li>4 personas m\u00e1x.<\/li>\n<li>2 habitaciones<\/li>\n<li>1 ba\u00f1o<\/li>\n<li>Ascensor: si<\/li>\n<li>Caja fuerte: no<\/li>\n<li>Calefacci\u00f3n: si<\/li>\n<li>Internet: si<\/li>\n<li>Tel\u00e9fono: no<\/li>\n<li><strong>Estancia m\u00ednima: 6 meses<\/strong><\/li>\n<\/ul>\n<div class=\"linksfitxa\">Dise\u00f1o y comodidad<a href=\"?page_id=337\">+ info<\/a><\/div>\n<\/div>\n<\/div>\n","protected":false},"excerpt":{"rendered":"<p>Gala Planta 6\u00aa 4 personas m\u00e1x. 2 habitaciones 2 ba\u00f1os Ascensor: si Caja fuerte: no Calefacci\u00f3n: si Internet: si Tel\u00e9fono: no Licencia tur\u00edstica: HUTB-000259-83 A escasos pasos del barrio de Gracia + info Jardinets Planta 1\u00aa 4 personas m\u00e1x. 2 hab. 1 ba\u00f1o Ascensor: si Caja fuerte: si Calefacci\u00f3n: si Internet: si Tel\u00e9fono: no Licencia [&hellip;]<\/p>\n","protected":false},"author":1,"featured_media":0,"parent":0,"menu_order":0,"comment_status":"closed","ping_status":"closed","template":"","meta":{"_monsterinsights_skip_tracking":false,"_monsterinsights_sitenote_active":false,"_monsterinsights_sitenote_note":"","_monsterinsights_sitenote_category":0},"_links":{"self":[{"href":"https:\/\/arbarcelona.es\/index.php?rest_route=\/wp\/v2\/pages\/160"}],"collection":[{"href":"https:\/\/arbarcelona.es\/index.php?rest_route=\/wp\/v2\/pages"}],"about":[{"href":"https:\/\/arbarcelona.es\/index.php?rest_route=\/wp\/v2\/types\/page"}],"author":[{"embeddable":true,"href":"https:\/\/arbarcelona.es\/index.php?rest_route=\/wp\/v2\/users\/1"}],"replies":[{"embeddable":true,"href":"https:\/\/arbarcelona.es\/index.php?rest_route=%2Fwp%2Fv2%2Fcomments&post=160"}],"version-history":[{"count":118,"href":"https:\/\/arbarcelona.es\/index.php?rest_route=\/wp\/v2\/pages\/160\/revisions"}],"predecessor-version":[{"id":2129,"href":"https:\/\/arbarcelona.es\/index.php?rest_route=\/wp\/v2\/pages\/160\/revisions\/2129"}],"wp:attachment":[{"href":"https:\/\/arbarcelona.es\/index.php?rest_route=%2Fwp%2Fv2%2Fmedia&parent=160"}],"curies":[{"name":"wp","href":"https:\/\/api.w.org\/{rel}","templated":true}]}}