{"id":2011,"date":"2019-09-25T12:34:40","date_gmt":"2019-09-25T10:34:40","guid":{"rendered":"https:\/\/arbarcelona.es\/?page_id=2011"},"modified":"2019-09-25T14:25:04","modified_gmt":"2019-09-25T12:25:04","slug":"politica-de-cookies","status":"publish","type":"page","link":"https:\/\/arbarcelona.es\/?page_id=2011&amp;lang=es","title":{"rendered":"Pol\u00edtica de cookies"},"content":{"rendered":"<p>Una Cookie es un fichero que se descarga en su ordenador al acceder a determinadas p\u00e1ginas web.<br \/>\nLas cookies permiten a una p\u00e1gina web, entre otras cosas, almacenar y recuperar informaci\u00f3n sobre los h\u00e1bitos de navegaci\u00f3n de un usuario o de su equipo y, dependiendo de la informaci\u00f3n que contenga y de la forma en que utilice su equipo, pueden utilizarse para reconocer al usuario.<br \/>\nLas cookies son esenciales para el funcionamiento de internet, aportando innumerables ventajas en la prestaci\u00f3n de servicios interactivos, facilit\u00e1ndole la navegaci\u00f3n y usabilidad de nuestra web.<br \/>\nLa informaci\u00f3n que le proporcionamos a continuaci\u00f3n, le ayudar\u00e1 a comprender los diferentes tipos de cookies:<\/p>\n<style>\ntd { padding: 5px 10px; vertical-align: middle; }<br \/><\/style>\n<table style=\"width: 100%;\" border=\"1\" cellspacing=\"0\" cellpadding=\"10\">\n<thead>\n<tr>\n<td style=\"text-align: center;\" colspan=\"3\"><strong>TIPOS DE COOKIES<\/strong><\/td>\n<\/tr>\n<\/thead>\n<tbody>\n<tr>\n<td rowspan=\"2\">SEG\u00daN LA ENTIDAD QUE LAS GESTIONE<\/td>\n<td>Cookies propias<\/td>\n<td>Son aquellas que se recaban por el propio editor para prestar el servicio solicitado por el usuario.<\/td>\n<\/tr>\n<tr>\n<td>Cookies de tercero<\/td>\n<td>Son aquellas que son recabadas y gestionadas por un tercero, estas no se pueden considerar propias.<\/td>\n<\/tr>\n<tr>\n<td rowspan=\"2\">SEG\u00daN EL PLAZO DE TIEMPO QUE PERMANEZCAN ACTIVADAS<\/td>\n<td>Cookies de sesi\u00f3n<\/td>\n<td>Recaban datos mientras el usuario navega por la red con la finalidad de prestar el servicio solicitado.<\/td>\n<\/tr>\n<tr>\n<td>Cookies persistentes<\/td>\n<td>Se almacenan en el terminal y la informaci\u00f3n obtenida, ser\u00e1 utilizada por el responsable de la cookie con la finalidad de prestar el servicio solicitado.<\/td>\n<\/tr>\n<tr>\n<td rowspan=\"5\">SEG\u00daN SU FINALIDAD<\/td>\n<td>Cookies t\u00e9cnicas<\/td>\n<td>Son las necesarias para la correcta navegaci\u00f3n por la web.<\/td>\n<\/tr>\n<tr>\n<td>Cookies de personalizaci\u00f3n<\/td>\n<td>Permiten al usuario las caracter\u00edsticas (idioma) para la navegaci\u00f3n por la<br \/>\nwebsite<\/td>\n<\/tr>\n<tr>\n<td>Cookies de an\u00e1lisis<\/td>\n<td>Permiten al prestador el an\u00e1lisis vinculado a la navegaci\u00f3n realizada por<br \/>\nel usuario, con la finalidad de llevar un seguimiento de uso de la p\u00e1gina web, as\u00ed como realizar estad\u00edsticas de los contenidos m\u00e1s visitados, n\u00famero de visitantes, etc.<\/td>\n<\/tr>\n<tr>\n<td>Cookies de publicidad comportamental<\/td>\n<td>Permiten al editor incluir en la web, espacios publicitarios, seg\u00fan el contenido de la propia web.<\/td>\n<\/tr>\n<tr>\n<td>Cookies publicitarias<\/td>\n<td>Permiten al editor incluir en la p\u00e1gina web espacios publicitarios seg\u00fan la informaci\u00f3n obtenida a trav\u00e9s de los h\u00e1bitos de navegaci\u00f3n del usuario.<\/td>\n<\/tr>\n<\/tbody>\n<\/table>\n<p>Seg\u00fan lo dispuesto en el art\u00edculo 22.2 de la Ley 34\/2002, de 11 de julio, de Servicios de la Sociedad de la Informaci\u00f3n y de Comercio Electr\u00f3nico (LSSI-CE), OLIVIA APARTAMENTOS SL informa de las cookies utilizadas en nuestra website:<\/p>\n<p>&nbsp;<\/p>\n<table style=\"width: 100%;\" border=\"1\" cellspacing=\"0\" cellpadding=\"10\">\n<thead>\n<tr>\n<td>Cookie<\/td>\n<td>Finalidad<\/td>\n<td>Propietario<\/td>\n<td>Uso<\/td>\n<td>Duraci\u00f3n<\/td>\n<\/tr>\n<\/thead>\n<tbody>\n<tr>\n<td>qtrans_cookie_test<\/td>\n<td>personalizaci\u00f3n<\/td>\n<td>propia<\/td>\n<td>Esta cookie es establecida por\u00a0qTranslate, un plugin de WordPress el uso del cual permite soporte multiling\u00fce al web. Esta cookie testea si las cookies est\u00e1n habilitadas para que se puedan almacenar las preferencias de idioma.<\/td>\n<td>sesi\u00f3n<\/td>\n<\/tr>\n<tr>\n<td>PHPSESSID<\/td>\n<td>t\u00e9cnica<\/td>\n<td>propia<\/td>\n<td>Esta cookie es usado por el lenguaje de encriptado PHP para permitir que las variables de SESI\u00d3N sean guardadas en el servidor web. Esta cookies es esencial para el funcionamiento de la web.<\/td>\n<td>sesi\u00f3n<\/td>\n<\/tr>\n<tr>\n<td>wfaf-authcookie_{HASH}<\/td>\n<td>t\u00e9cnica<\/td>\n<td>propia<\/td>\n<td>Protege el sitio web contra amenazas y hackers<\/td>\n<td>12 horas<\/td>\n<\/tr>\n<tr>\n<td>wordpress_test_cookie<\/td>\n<td>t\u00e9cnica<\/td>\n<td>propia<\/td>\n<td>Esta cookie se utiliza para que el gestor de contenidos WordPress compruebe si el navegador tiene las cookies activadas.<\/td>\n<td>sesi\u00f3n<\/td>\n<\/tr>\n<tr>\n<td>wp-settings-1, wp-settings-time-1<\/td>\n<td>personalizaci\u00f3n<\/td>\n<td>propia<\/td>\n<td>Estas cookies son utilizadas por WordPress para personalizar la Interfaz de Usuario.<\/td>\n<td>1 a\u00f1o<\/td>\n<\/tr>\n<tr>\n<td>act, presence<\/td>\n<td>t\u00e9cnica<\/td>\n<td>Facebook<\/td>\n<td>Permite controlar los botones &#8220;Me gusta&#8221; y s\u00edguenos en Facebook<\/td>\n<td>sesi\u00f3n<\/td>\n<\/tr>\n<tr>\n<td>c-user, datr, dpr, fr, sb, tr, wd<\/td>\n<td>personalizaci\u00f3n<\/td>\n<td>Facebook<\/td>\n<td>Permite controlar los botones &#8220;Me gusta&#8221; y s\u00edguenos en Facebook, y controlar la compartici\u00f3n de la p\u00e1gina<\/td>\n<td>1 a\u00f1o<\/td>\n<\/tr>\n<tr>\n<td>1P_JAR<\/td>\n<td>an\u00e1lisis<\/td>\n<td>Google<\/td>\n<td>Cookie de Google. Estas cookies se usan para recopilar estad\u00edsticas del sitio web y rastrear las tasas de conversi\u00f3n.<\/td>\n<td>1 mes<\/td>\n<\/tr>\n<tr>\n<td>ANID<\/td>\n<td>publicitaria<\/td>\n<td>Google<\/td>\n<td>Estas cookies tienen una finalidad publicitaria. Contienen un valor generado aleatoriamente \u00fanico que permite a la Plataforma distinguir navegadores y dispositivos. Esta informaci\u00f3n se utiliza para medir el rendimiento de los anuncios y proporcionar recomendaciones relativas a productos basados en datos estad\u00edsticos<\/td>\n<td>1 a\u00f1o<\/td>\n<\/tr>\n<tr>\n<td>APISID, CONSENT, HSID, NID, OTZ, UULE<\/td>\n<td>personalizaci\u00f3n<\/td>\n<td>Google<\/td>\n<td>Almacena las preferencias y la informaci\u00f3n de los usuarios cada vez que visitan p\u00e1ginas web que contienen un servicio de Google<\/td>\n<td>varias<\/td>\n<\/tr>\n<tr>\n<td>SSID, SAPISID, SICDD, SSID<\/td>\n<td>an\u00e1lisis<\/td>\n<td>Google<\/td>\n<td>Habilitan la funci\u00f3n de registro de la procedencia del usuario. Los datos registrados ser\u00e1n, entre otros, si el usuario llega a nuestro sitio Web por tr\u00e1fico directo, desde otra web, desde una campa\u00f1a publicitaria o desde un buscador (indicando la palabra clave utilizada y la fuente.<\/td>\n<td>varias<\/td>\n<\/tr>\n<\/tbody>\n<\/table>\n<p><span class=\"fontstyle0\">Asimismo, OLIVIA APARTAMENTOS SL informa al usuario de que tiene la posibilidad de configurar su navegador de modo que se le informe de la recepci\u00f3n de cookies, pudiendo, si as\u00ed lo desea, impedir que sean instaladas en su disco duro.<br \/>\nA continuaci\u00f3n le proporcionamos los enlaces de diversos navegadores, a trav\u00e9s de los cuales podr\u00e1 realizar dicha configuraci\u00f3n:<\/span><\/p>\n<ul>\n<li><span class=\"fontstyle3\">Firefox desde aqu\u00ed: <\/span><span class=\"fontstyle0\">http:\/\/support.mozilla.org\/es\/kb\/habilitar-y-deshabilitar-cookies-que-lossitios-we<\/span><\/li>\n<li><span class=\"fontstyle3\">Chrome desde aqu\u00ed: <\/span><span class=\"fontstyle0\">http:\/\/support.google.com\/chrome\/bin\/answer.py?hl=es&amp;answer=95647<\/span><\/li>\n<li><span class=\"fontstyle3\">Explorer desde aqu\u00ed: <\/span><span class=\"fontstyle0\">http:\/\/windows.microsoft.com\/es-es\/internet-explorer\/delete-managecookies#ie=ie-10<\/span><\/li>\n<li><span class=\"fontstyle3\">Safari desde aqu\u00ed: <\/span><span class=\"fontstyle0\">https:\/\/support.apple.com\/kb\/ph17191?locale=es_ES<\/span><\/li>\n<li><span class=\"fontstyle3\">Opera desde aqu\u00ed: <\/span><span class=\"fontstyle0\">https:\/\/help.opera.com\/en\/latest\/web-preferences\/#cookies<\/span><\/li>\n<\/ul>\n","protected":false},"excerpt":{"rendered":"<p>Una Cookie es un fichero que se descarga en su ordenador al acceder a determinadas p\u00e1ginas web. Las cookies permiten a una p\u00e1gina web, entre otras cosas, almacenar y recuperar informaci\u00f3n sobre los h\u00e1bitos de navegaci\u00f3n de un usuario o de su equipo y, dependiendo de la informaci\u00f3n que contenga y de la forma en [&hellip;]<\/p>\n","protected":false},"author":1,"featured_media":0,"parent":0,"menu_order":0,"comment_status":"closed","ping_status":"closed","template":"","meta":{"_monsterinsights_skip_tracking":false,"_monsterinsights_sitenote_active":false,"_monsterinsights_sitenote_note":"","_monsterinsights_sitenote_category":0},"_links":{"self":[{"href":"https:\/\/arbarcelona.es\/index.php?rest_route=\/wp\/v2\/pages\/2011"}],"collection":[{"href":"https:\/\/arbarcelona.es\/index.php?rest_route=\/wp\/v2\/pages"}],"about":[{"href":"https:\/\/arbarcelona.es\/index.php?rest_route=\/wp\/v2\/types\/page"}],"author":[{"embeddable":true,"href":"https:\/\/arbarcelona.es\/index.php?rest_route=\/wp\/v2\/users\/1"}],"replies":[{"embeddable":true,"href":"https:\/\/arbarcelona.es\/index.php?rest_route=%2Fwp%2Fv2%2Fcomments&post=2011"}],"version-history":[{"count":10,"href":"https:\/\/arbarcelona.es\/index.php?rest_route=\/wp\/v2\/pages\/2011\/revisions"}],"predecessor-version":[{"id":2021,"href":"https:\/\/arbarcelona.es\/index.php?rest_route=\/wp\/v2\/pages\/2011\/revisions\/2021"}],"wp:attachment":[{"href":"https:\/\/arbarcelona.es\/index.php?rest_route=%2Fwp%2Fv2%2Fmedia&parent=2011"}],"curies":[{"name":"wp","href":"https:\/\/api.w.org\/{rel}","templated":true}]}}